{"id":68,"date":"2021-04-15T17:36:58","date_gmt":"2021-04-15T17:36:58","guid":{"rendered":"http:\/\/localhost:8888\/?page_id=68"},"modified":"2021-08-09T15:22:56","modified_gmt":"2021-08-09T18:22:56","slug":"regulamento-da-acs-jovem","status":"publish","type":"page","link":"https:\/\/acs.org.br\/academy\/regulamento-da-acs-jovem\/","title":{"rendered":"Regulamento da ACS Jovem"},"content":{"rendered":"<p>Confira o Regulamento da Associa\u00e7\u00e3o Comercial de Santos Jovem (ACS Jovem), o n\u00facleo de jovens empreendedores da Associa\u00e7\u00e3o Comercial de Santos (ACS):<\/p>\n<p><a href=\"http:\/\/www.acs.org.br\/wp-content\/uploads\/2019\/08\/ACSJOVEM-Estatuto2019.pdf\">Regulamento da ACS Jovem<\/a><\/p>\n","protected":false},"excerpt":{"rendered":"<p>Confira o Regulamento da Associa\u00e7\u00e3o Comercial de Santos Jovem (ACS Jovem), o n\u00facleo de jovens empreendedores da Associa\u00e7\u00e3o Comercial de Santos (ACS): Regulamento da ACS Jovem<\/p>\n","protected":false},"author":1,"featured_media":0,"parent":0,"menu_order":0,"comment_status":"closed","ping_status":"closed","template":"pages\/page-internas.php","meta":{"footnotes":""},"_links":{"self":[{"href":"https:\/\/acs.org.br\/academy\/wp-json\/wp\/v2\/pages\/68"}],"collection":[{"href":"https:\/\/acs.org.br\/academy\/wp-json\/wp\/v2\/pages"}],"about":[{"href":"https:\/\/acs.org.br\/academy\/wp-json\/wp\/v2\/types\/page"}],"author":[{"embeddable":true,"href":"https:\/\/acs.org.br\/academy\/wp-json\/wp\/v2\/users\/1"}],"replies":[{"embeddable":true,"href":"https:\/\/acs.org.br\/academy\/wp-json\/wp\/v2\/comments?post=68"}],"version-history":[{"count":4,"href":"https:\/\/acs.org.br\/academy\/wp-json\/wp\/v2\/pages\/68\/revisions"}],"predecessor-version":[{"id":98600,"href":"https:\/\/acs.org.br\/academy\/wp-json\/wp\/v2\/pages\/68\/revisions\/98600"}],"wp:attachment":[{"href":"https:\/\/acs.org.br\/academy\/wp-json\/wp\/v2\/media?parent=68"}],"curies":[{"name":"wp","href":"https:\/\/api.w.org\/{rel}","templated":true}]}}