{"id":55,"date":"2021-04-15T16:29:20","date_gmt":"2021-04-15T16:29:20","guid":{"rendered":"http:\/\/localhost:8888\/?page_id=55"},"modified":"2021-08-09T15:25:46","modified_gmt":"2021-08-09T18:25:46","slug":"estatuto-social","status":"publish","type":"page","link":"https:\/\/acs.org.br\/academy\/estatuto-social\/","title":{"rendered":"Estatuto Social da Associa\u00e7\u00e3o Comercial de Santos"},"content":{"rendered":"<p>A Associa\u00e7\u00e3o Comercial de Santos (ACS) aprovou altera\u00e7\u00f5es no Estatuto Social da entidade, em assembleia geral extraordin\u00e1ria, realizada em 7 de fevereiro de 2011.<\/p>\n<p><a href=\"http:\/\/www.acs.org.br\/wp-content\/uploads\/2011\/06\/estatuto-social-acs-2011.pdf\">Confira o texto do Estatuto Social da ACS<\/a><\/p>\n","protected":false},"excerpt":{"rendered":"<p>A Associa\u00e7\u00e3o Comercial de Santos (ACS) aprovou altera\u00e7\u00f5es no Estatuto Social da entidade, em assembleia geral extraordin\u00e1ria, realizada em 7 de fevereiro de 2011. Confira o texto do Estatuto Social da ACS<\/p>\n","protected":false},"author":1,"featured_media":0,"parent":0,"menu_order":0,"comment_status":"closed","ping_status":"closed","template":"pages\/page-internas.php","meta":{"footnotes":""},"_links":{"self":[{"href":"https:\/\/acs.org.br\/academy\/wp-json\/wp\/v2\/pages\/55"}],"collection":[{"href":"https:\/\/acs.org.br\/academy\/wp-json\/wp\/v2\/pages"}],"about":[{"href":"https:\/\/acs.org.br\/academy\/wp-json\/wp\/v2\/types\/page"}],"author":[{"embeddable":true,"href":"https:\/\/acs.org.br\/academy\/wp-json\/wp\/v2\/users\/1"}],"replies":[{"embeddable":true,"href":"https:\/\/acs.org.br\/academy\/wp-json\/wp\/v2\/comments?post=55"}],"version-history":[{"count":3,"href":"https:\/\/acs.org.br\/academy\/wp-json\/wp\/v2\/pages\/55\/revisions"}],"predecessor-version":[{"id":98602,"href":"https:\/\/acs.org.br\/academy\/wp-json\/wp\/v2\/pages\/55\/revisions\/98602"}],"wp:attachment":[{"href":"https:\/\/acs.org.br\/academy\/wp-json\/wp\/v2\/media?parent=55"}],"curies":[{"name":"wp","href":"https:\/\/api.w.org\/{rel}","templated":true}]}}